e number?
True
Let k = -35 + 60. Let o be 72/(-10) + ((-80)/k)/4. Is (-3894)/(-24) + 1 + 2/o prime?
True
Let w(o) = -188*o**3 + 7*o**2 - 2*o - 34. Is w(-9) a prime number?
False
Let o(y) = 370*y - 100. Let g(b) = -41*b + 11. Let a(i) = 35*g(i) + 4*o(i). Let s be a(-7). Let z = s + 1591. Is z prime?
False
Let c = -53499 + 335726. Is c prime?
False
Let z be 1/(3/(-33))*(-11)/11. Suppose q - 15*r = -z*r + 6515, -q + 2*r = -6519. Is q a prime number?
False
Suppose -1261935 = -106*l + 4488671. Is l a composite number?
False
Let n be ((-12)/21)/(-1) + (-498692)/(-28). Suppose 0 = 90*d - 99*d + n. Is d a composite number?
False
Suppose -2716526 = -81*u + 12882147 + 2227888. Is u a prime number?
False
Let a be (-36)/(-126) - (-1892)/(-7). Let n = a - -535. Is n composite?
True
Let g(b) = 450*b**2 + 163*b + 158. Is g(33) a prime number?
True
Let w = 83327 + -56506. Is w composite?
False
Suppose 64*i - 2*i - 17237798 = 0. Is i composite?
False
Is 6/4*69649220/30 prime?
True
Suppose 6*f + 150*f - 69732 = 0. Is f a composite number?
True
Suppose 3222 = 2*g + 8700. Is (g/6 - 3)*(-1 - 1) prime?
True
Suppose -60 = 3*l - 6*l. Suppose -6*o = l - 50. Suppose -3*d = -4*p - 2297, o*d - 2495 = p + 1322. Is d a prime number?
False
Let x(p) = -p**2 - 15*p + 17. Let l be x(-8). Suppose r + 7*i - 5*i = l, 4*i - 213 = -3*r. Is r a prime number?
True
Let b(u) = 230*u**2 - 2*u - 1. Let y be b(-1). Suppose 0 = 2*h - 10, 4*d - 4*h = -8 - 4. Suppose -d*q + 143 + y = 0. Is q composite?
True
Suppose -14*s - 8*s = -2*s - 2849320. Is s prime?
False
Let g(o) = o. Let u(q) = -360*q + 18. Let b(p) = 2*g(p) - u(p). Let w be b(5). Suppose -9*a + w = -1439. Is a composite?
False
Suppose -20*d - 359565 = -576619 - 372406. Is d prime?
True
Suppose 0 = -34*b + 121224 + 343250. Is b a composite number?
True
Suppose 0 = 2*l - 275*l + 51944529. Is l prime?
False
Suppose -37*r = 5109075 - 14271052. Is r a prime number?
False
Suppose 30*k - 32*k + 64 = 0. Let y(n) = 2*n - 37 - 2*n - 4*n - 10*n**2 + k*n**2. Is y(12) a composite number?
False
Is (0 - (-1)/(-2))/(142/(-11956684)) prime?
True
Let x = -22 + 22. Suppose x = 8*z - 6 - 10. Suppose -6*t + 2008 = -z*t. Is t prime?
False
Let z be ((-12)/(-42) - 40/(-7))*2. Suppose -z*g + 11020 - 1768 = 0. Is g a composite number?
True
Is -4 + (7 - (9 + -11)) - -1858964 prime?
False
Let s(a) = -a**3 - 7*a**2 - 7*a + 2. Let g be s(-5). Let u(t) = t - 49. Let i be u(g). Is (-7)/(7/i) - 3 - 1 a prime number?
False
Suppose 2*x - 6 = -m, -3*x - 1 = -10. Suppose 4*k = 3*a - 26845, m = -14*k + 15*k + 1. Is a a composite number?
True
Let h(n) = -60*n + 24442. Let t be h(0). Suppose -25*j + 93783 = -t. Is j prime?
True
Let l(t) = 44*t**2 - 7*t + 27. Suppose -4*a + 13 = -p - 5, 2*p = -3*a - 25. Is l(p) a prime number?
False
Let b(g) = 4*g**2 - 14*g + 21. Let s be (-4)/14 + (-4416)/224. Is b(s) composite?
False
Let g = 343613 + -171616. Is g prime?
False
Is -5 - (-481081 - -1) - 6/(-9)*6 a prime number?
False
Let p be (1745/2)/((-15)/(-30)). Let w = p - 412. Is w composite?
True
Let g = 269183 + -50334. Is g composite?
False
Suppose 9147878 = 6*k + 3*k - 263359. Is k composite?
True
Suppose 6*o + 13165 = 40243. Is o composite?
False
Suppose 0 = 4*x - 8*x - 16. Let l be (2 - 3) + (-1 - x). Suppose 1914 = l*n + 4*n. Is n a composite number?
True
Let h(g) = -121*g - 12. Let f be (-21)/9*3 + -6. Is h(f) a prime number?
False
Is ((-104)/78)/((-27)/(-36) - 3573554/4764696) composite?
False
Let q(x) = x**3 - 5*x**2 + 8*x - 4. Let w be q(3). Suppose 2*a - 59806 = -27*h + 24*h, -4*h + 59810 = w*a. Is a a prime number?
False
Suppose -12*v = -7*v - 0*v - 118945. Is v a prime number?
True
Suppose 3*y = -2*u + 1881535, 1254338 = -158*y + 160*y - u. Is y a composite number?
True
Suppose -61 = -4*s - 3*r - 18, -5*s - r = -51. Suppose -2*n = -62 + s. Is 1*(-2 + n) + 2 + 0 a composite number?
True
Is -22 - ((29 - 16) + -68541) composite?
True
Is 1410226/8 - (1 - (-21)/(-12)) composite?
True
Let v(s) = 348*s - 26. Let w be v(-12). Let d = 2540 + w. Let q = -881 - d. Is q a prime number?
False
Suppose 25*l = -174 + 249. Suppose -l*t + g + 4*g = -64644, -4*g + 107777 = 5*t. Is t a prime number?
False
Let z be (-3*20/15)/(-2). Suppose 0 = z*v + 4 - 16. Suppose -3*r + 3696 = 3*h, 11*h = v*h - 3*r + 6150. Is h a composite number?
True
Let r(s) = 70*s**2 - 2*s + 7. Let p = 39 - 47. Let z = -5 - p. Is r(z) a prime number?
True
Suppose -6*c - 2*i = -9*c + 62071, 4*c = 8*i + 82788. Is c composite?
True
Is (-8 - (-53091)/36)*4 - 2*-3 composite?
True
Suppose -5*p - 6215 = -10*d + 9*d, 4*d = p + 24765. Let k = 11289 - d. Is k composite?
False
Let a(s) = -s**3 - 21*s**2 - 20*s + 21. Let c be a(-20). Let b be (-1 + (-13)/3)/((-14)/c). Is (4/b)/(1014/1012 + -1) prime?
False
Let y(z) = 90*z - 12. Let u be y(6). Let w = u - -607. Suppose -2*t + t + g = -1155, t + 4*g = w. Is t a composite number?
False
Let q be (-19)/57*(-36)/(4/2). Is 297025/50 - q/4 prime?
True
Suppose -922167 - 386688 = -14*w + 844163. Is w a prime number?
False
Let t(c) = -312*c**3 + 3*c**2 - 4*c - 24. Let m be t(-3). Let r = 8 - 4. Suppose -s + 1703 = -r*f, m = 3*s + 2*s - f. Is s a prime number?
False
Suppose -554*c + 233010005 = -69*c. Is c a composite number?
True
Suppose -y - 2721 = -5*l + 177, -3*y = -2*l + 8642. Let n = y - -6081. Is n composite?
False
Let g = -632 + 643. Suppose -g*a = -28*a + 138295. Is a composite?
True
Let o = -49 + 52. Suppose -7*i = -4*i. Suppose -r - f = -382, o*r - r - 3*f - 739 = i. Is r a composite number?
True
Let b = 4 + 2. Suppose -22 - 8 = -b*g. Suppose -2*k + 974 = -0*k - 2*m, 10 = g*m. Is k a prime number?
False
Let z = 726 - 338. Suppose z - 4036 = 6*p. Let x = p + 1365. Is x prime?
True
Let t = 2026 + -467. Suppose -2*k = q - t, -6271 = -7*q + 3*q - k. Is q prime?
False
Let j be 3/(15/70*1). Let k be 6156/j + (-8)/(-28). Suppose -a = -123 - k. Is a composite?
False
Let w(i) = -3*i**2 - 10*i - 1 - 4 + 4 + 2. Let h be w(-3). Suppose 0 = 5*s, -2*o + 0*s - h*s = -1108. Is o a prime number?
False
Suppose 24*p = 20*p + 8. Suppose 34 + 0 = -p*u. Let l(j) = -43*j - 34. Is l(u) a composite number?
True
Suppose 0 = -3*p + 2*p. Suppose 11*r - 9*r - 3886 = p. Is r a prime number?
False
Let f be -2 + 3/(-6)*-8. Suppose 3 + f = 5*t, -7 = -3*a - 4*t. Is 918 - -1 - (-4)/a prime?
False
Suppose 2386*f + 423204 = 2392*f. Is f a composite number?
True
Let s = -6499 - -16422. Suppose -4*j = -4*z - 7948, 5*j + 2*z = 4*z + s. Suppose 5*o + f - 2058 - j = 0, -2*o + 1614 = f. Is o composite?
False
Let a = 46 + -39. Suppose -a*s + 2211 = -13042. Is s a prime number?
True
Let p = 189218 + -64791. Is p prime?
True
Suppose 0 = -4*d - 4*s + 2783 + 5333, 3*s = -4*d + 8112. Suppose 4*c = o + 22228, 5*o = -c + d + 3532. Is c composite?
False
Suppose -4 = -z + 5*f, -z = 3*f - 1 - 3. Suppose 0 = -4*j + 2*m + 11188, 4126 + 4265 = 3*j - z*m. Is j a prime number?
True
Let s(g) = 998*g**2 + 117*g - 2984. Is s(27) composite?
False
Let a be 42*((-55)/15 + 2 + 2). Is 21/a*12148 + -5 composite?
False
Let n(q) = 1656*q - 27. Let x(t) = -3312*t + 55. Let s(r) = 5*n(r) + 2*x(r). Let k be s(5). Suppose 20*u = 15*u + k. Is u prime?
False
Let r(o) = -1306*o + 65. Suppose 0 = -4*q + m + 4*m - 44, q + 10 = m. Is r(q) prime?
True
Let n be (10/(-3))/(3/(-9)). Suppose 4*f + 4*v - 13479 = -1483, n = -2*v. Is (4/(-8))/((-2)/f) prime?
True
Let r(h) = 3*h - 19. Let i be r(7). Suppose 2*m - 4*m - i*m = 0. Is (248 - m) + 4/(-4) prime?
False
Let f = 17520 - 3980. Let z = 29431 - f. Is z prime?
False
Suppose 61 = 7*w + 159. Let a(u) = u**3 + 16*u**2 - 11*u - 6. Let q be a(w). Suppose 3*m + k - q = 22, -752 = -4*m - 4*k. Is m a prime number?
False
Let v(r) = 936 + 32*r - 312 - 16*r - 21*r + 1357. Is v(0) a composite number?
True
Let w(z) = -67928*z + 3183. Is w(-7) a prime number?
True
Let p be (-3)/((-6)/(-380)*-2) - 1. Suppose -97*r + p*r = -603. Is r a prime number?
False
Let h be 3/((-6)/(-4)) - 46/23. Suppose -23*p + 21*p + 5846 = h. Let o = p + 3192. Is o a composite number?
True
Let t(h) = 3*h + 36. Let n be t(-14). Is 1 + n/(-6) + 4391 a composite number?
True
Suppose -i + 2*r + 29247 = -r, -3*r - 146175 = -5*i. Is i/54 - (-1)/(-3) prime?
True
Let p(m) = 3*m**3 - 26*m**2 + 6*m + 71. Let d be p(36). Let k = 208906 - d. Is k composite?
T